mon factor of 80 and 235800?
40
What is the highest common divisor of 320 and 8000?
320
What is the highest common factor of 244 and 3193838?
122
Calculate the greatest common divisor of 294 and 11958.
6
What is the highest common divisor of 1520 and 54320?
80
What is the greatest common factor of 29295 and 42147?
189
Calculate the greatest common divisor of 4181 and 2260.
113
What is the greatest common divisor of 36624 and 6216?
168
What is the greatest common divisor of 536 and 121538?
134
What is the highest common factor of 8805070 and 10?
10
Calculate the highest common factor of 12571 and 1573.
13
What is the greatest common factor of 231665 and 35?
35
Calculate the highest common factor of 21 and 146337.
3
Calculate the highest common divisor of 77 and 7799.
11
Calculate the highest common factor of 987 and 61899.
141
What is the highest common factor of 31570 and 3290?
70
Calculate the highest common divisor of 28712 and 888.
296
What is the greatest common factor of 40 and 527490?
10
What is the greatest common factor of 394979 and 78?
13
What is the greatest common factor of 1285 and 45?
5
Calculate the highest common divisor of 441 and 3675.
147
What is the highest common factor of 42029 and 130?
13
What is the highest common factor of 117 and 23764?
13
Calculate the highest common divisor of 18 and 836514.
18
What is the highest common divisor of 1404 and 3408?
12
What is the highest common factor of 67147 and 2656?
83
Calculate the greatest common divisor of 34872 and 24.
24
Calculate the highest common divisor of 1790964 and 4140.
828
Calculate the greatest common divisor of 66 and 5700.
6
Calculate the highest common factor of 277760 and 496.
496
What is the greatest common divisor of 46 and 36961?
23
Calculate the highest common divisor of 2811 and 39.
3
Calculate the greatest common factor of 17092 and 16.
4
What is the highest common factor of 2981034 and 14?
14
Calculate the greatest common factor of 456 and 464265.
57
Calculate the greatest common factor of 166 and 396.
2
Calculate the greatest common divisor of 61025 and 50.
25
What is the highest common factor of 2505 and 465?
15
Calculate the greatest common divisor of 1565 and 515.
5
What is the greatest common divisor of 49680 and 162?
54
What is the greatest common factor of 1330 and 12040?
70
Calculate the highest common factor of 132355 and 4635.
515
Calculate the highest common factor of 115 and 222295.
115
Calculate the greatest common factor of 3707025 and 6900.
1725
What is the greatest common divisor of 973 and 170553?
139
What is the highest common factor of 1254535 and 230?
115
Calculate the greatest common divisor of 299 and 9989291.
299
What is the greatest common divisor of 36 and 57156?
12
Calculate the greatest common factor of 1767210 and 210.
30
Calculate the greatest common divisor of 228 and 97831.
19
Calculate the greatest common factor of 48028 and 32.
4
Calculate the highest common factor of 332945 and 85.
85
What is the highest common divisor of 304556 and 2980?
596
Calculate the highest common divisor of 5632 and 15136.
352
What is the highest common divisor of 2847804 and 344?
172
Calculate the highest common divisor of 76 and 821218.
38
Calculate the highest common factor of 1760 and 4640.
160
What is the greatest common divisor of 20995 and 170?
85
What is the greatest common divisor of 176832 and 464?
16
Calculate the greatest common factor of 27 and 86607.
9
What is the highest common factor of 11 and 68519?
11
Calculate the greatest common factor of 2160 and 7185.
15
What is the highest common factor of 99 and 138963?
33
What is the highest common factor of 1266541 and 2438?
1219
What is the highest common divisor of 8184 and 411312?
264
What is the greatest common factor of 4044 and 2137254?
2022
What is the greatest common divisor of 94 and 134279?
47
Calculate the greatest common factor of 3363 and 531.
177
Calculate the greatest common factor of 687414 and 546.
546
What is the highest common divisor of 1269 and 1551?
141
Calculate the greatest common factor of 10704 and 704457.
669
Calculate the highest common divisor of 2091 and 101967.
123
What is the greatest common divisor of 185175 and 225?
225
Calculate the highest common factor of 12481 and 525.
7
What is the greatest common factor of 781880 and 3080?
440
Calculate the greatest common divisor of 549540 and 172.
172
What is the greatest common factor of 1394050 and 392?
98
Calculate the greatest common factor of 562 and 2197982.
562
Calculate the highest common divisor of 158 and 2033855.
79
Calculate the greatest common divisor of 11389 and 28.
7
Calculate the greatest common divisor of 6592 and 5184.
64
Calculate the highest common divisor of 211640 and 143.
143
What is the highest common factor of 123 and 457683?
123
What is the greatest common factor of 4 and 11228700?
4
Calculate the greatest common factor of 944704 and 256.
64
What is the highest common factor of 2641 and 6811?
139
Calculate the greatest common divisor of 40984 and 24.
8
What is the greatest common divisor of 336 and 1412040?
168
What is the greatest common factor of 865392 and 1056?
528
What is the greatest common divisor of 19312 and 52496?
272
What is the greatest common divisor of 3751 and 190278?
341
What is the highest common factor of 5348 and 14?
14
Calculate the greatest common divisor of 84 and 95214.
42
What is the greatest common divisor of 220 and 34804?
44
Calculate the highest common factor of 129899 and 231.
77
What is the greatest common factor of 180 and 283440?
60
What is the highest common divisor of 148 and 103563?
37
What is the highest common factor of 15435 and 360?
45
Calculate the greatest common divisor of 4009 and 475.
19
What is the greatest common divisor of 12392929 and 46?
23
What is the highest common divisor of 3468 and 969?
51
Calculate the highest common divisor of 748 and 697.
17
What is the highest common factor of 2725 and 62875?
25
Calculate the greatest common factor of 83 and 35939.
83
What is the greatest common divisor of 246390 and 90?
30
Calculate the greatest common factor of 18240 and 3078.
114
Calculate the greatest common factor of 11 and 2641584.
11
Calculate the greatest common divisor of 1302 and 861.
21
Calculate the highest common divisor of 968411 and 209.
19
What is the greatest common divisor of 9801 and 341?
11
What is the greatest common divisor of 2040 and 4692?
204
Calculate the highest common factor of 264 and 564.
12
What is the highest common divisor of 384 and 1158208?
64
What is the highest common divisor of 3948 and 700?
28
Calculate the highest common divisor of 3842 and 102.
34
What is the highest common factor of 2106 and 5184?
162
What is the highest common divisor of 792 and 256212?
396
What is the greatest common divisor of 22857 and 1197?
57
Calculate the highest common factor of 1749 and 35563.
583
What is the highest common factor of 315 and 2910?
15
What is the greatest common factor of 1002 and 80661?
501
Calculate the highest common divisor of 5552 and 38896.
16
What is the highest common factor of 1426 and 2944?
46
Calculate the greatest common factor of 12 and 4146.
6
What is the greatest common divisor of 1634 and 121334?
38
What is the greatest common factor of 3294 and 33489?
549
What is the greatest common divisor of 114512 and 272?
272
Calculate the greatest common divisor of 14617 and 423.
47
What is the greatest common factor of 78 and 42198?
78
Calculate the highest common divisor of 5252070 and 45.
15
What is the greatest common divisor of 256 and 736?
32
What is the greatest common factor of 28014 and 414?
138
Calculate the highest common factor of 18069190 and 190.
190
Calculate the greatest common factor of 32 and 49304.
8
Calculate the highest common divisor of 4010 and 1770014.
802
What is the highest common factor of 359974 and 266?
38
Calculate the greatest common divisor of 746 and 5280188.
746
Calculate the highest common factor of 153464 and 4.
4
Calculate the highest common divisor of 54 and 472482.
18
What is the highest common divisor of 64064 and 576?
64
Calculate the greatest common factor of 88 and 6712.
8
Calculate the greatest common divisor of 7 and 946309.
7
What is the greatest common factor